a prime number?
True
Is 296291 prime?
False
Is 15559 composite?
False
Is 13649 composite?
False
Is 73011 prime?
False
Is 115639 a composite number?
True
Is 241907 a composite number?
False
Is 1736521 prime?
False
Is 733097 composite?
False
Is 191095 composite?
True
Is 25385 prime?
False
Is 1471 prime?
True
Is 145361 composite?
False
Is 585473 a prime number?
False
Is 4727 a composite number?
True
Is 17257 prime?
True
Is 6121 a composite number?
False
Is 77839 a composite number?
False
Is 19903 composite?
True
Is 70255 a prime number?
False
Is 6173 a composite number?
False
Is 26099 a prime number?
True
Is 119653 composite?
False
Is 152267 a composite number?
False
Is 6599 a prime number?
True
Is 4010302 prime?
False
Is 1477 composite?
True
Is 20231 a prime number?
True
Is 1934833 composite?
False
Is 738133 a prime number?
False
Is 11209 a composite number?
True
Is 17231 composite?
False
Is 1034461 prime?
True
Is 3009065 a composite number?
True
Is 15815 composite?
True
Is 15859 a composite number?
False
Is 76683 a composite number?
True
Is 1209391 a composite number?
True
Is 190471 composite?
False
Is 7793 prime?
True
Is 23861 prime?
False
Is 405569 composite?
True
Is 167129 composite?
True
Is 4742 prime?
False
Is 2047 a composite number?
True
Is 23261 a prime number?
False
Is 13951 a composite number?
True
Is 18713 prime?
True
Is 11213 prime?
True
Is 1021891 prime?
False
Is 931691 a prime number?
True
Is 11293 a composite number?
True
Is 247511 a composite number?
True
Is 21911 composite?
False
Is 3793177 composite?
False
Is 67211 composite?
False
Is 481511 a prime number?
False
Is 88969 prime?
True
Is 3919 a prime number?
True
Is 974401 a composite number?
False
Is 40195 composite?
True
Is 85099 prime?
False
Is 2867 composite?
True
Is 31877 a composite number?
True
Is 1015901 prime?
False
Is 871 a prime number?
False
Is 6463 a composite number?
True
Is 207049 a prime number?
False
Is 6995 a composite number?
True
Is 66841 composite?
False
Is 133241 composite?
False
Is 4487 composite?
True
Is 311737 a composite number?
False
Is 4201 prime?
True
Is 4637 a prime number?
True
Is 9731 a composite number?
True
Is 253361 a composite number?
False
Is 6823 a composite number?
False
Is 315313 prime?
True
Is 103629 a prime number?
False
Is 16309 composite?
True
Is 61829 composite?
True
Is 114074 composite?
True
Is 44483 composite?
False
Is 587 composite?
False
Is 145 a composite number?
True
Is 34147 a composite number?
False
Is 1453217 prime?
False
Is 1821 a composite number?
True
Is 13291 a prime number?
True
Is 42923 composite?
False
Is 171155 a prime number?
False
Is 7561 a composite number?
False
Is 14369 a prime number?
True
Is 17137 composite?
False
Is 591857 prime?
False
Is 1120461 prime?
False
Is 7753 a composite number?
False
Is 524129 a composite number?
True
Is 14461 prime?
True
Is 131321 prime?
True
Is 17597 composite?
False
Is 2291 a prime number?
False
Is 14591 a prime number?
True
Is 141 a composite number?
True
Is 9793 prime?
False
Is 148123 composite?
False
Is 266447 a composite number?
False
Is 5017 prime?
False
Is 16183 a prime number?
True
Is 4703 prime?
True
Is 2503 a composite number?
False
Is 37691 composite?
False
Is 56423 a prime number?
False
Is 21047 a prime number?
False
Is 70051 a prime number?
True
Is 8009 a composite number?
False
Is 40459 prime?
True
Is 1667417 a composite number?
False
Is 271747 a composite number?
True
Is 74797 prime?
True
Is 21313 prime?
True
Is 151265 prime?
False
Is 20681 prime?
True
Is 30026 composite?
True
Is 2021 prime?
False
Is 10099 prime?
True
Is 35393 prime?
True
Is 417419 a prime number?
True
Is 13082419 a prime number?
False
Is 140977 a composite number?
False
Is 48073 prime?
True
Is 271819 composite?
True
Is 39499 a composite number?
False
Is 29917 prime?
True
Is 38767 a composite number?
False
Is 2305 a prime number?
False
Is 2190207 a prime number?
False
Is 63881 prime?
False
Is 331601 prime?
False
Is 18413 composite?
False
Is 2179 a composite number?
False
Is 1772077 a prime number?
True
Is 13361 prime?
False
Is 3073 composite?
True
Is 27941 composite?
False
Is 7603 a prime number?
True
Is 19157 a prime number?
True
Is 55597 prime?
False
Is 115361 a prime number?
True
Is 390989 a prime number?
True
Is 79579 a composite number?
False
Is 574907 prime?
True
Is 221653 a prime number?
True
Is 8519 a prime number?
False
Is 7499 composite?
False
Is 55987 a prime number?
True
Is 87343 prime?
False
Is 5779 prime?
True
Is 3611 a prime number?
False
Is 2479 a prime number?
False
Is 1316299 a composite number?
False
Is 15079 a prime number?
False
Is 3251 a prime number?
True
Is 67909 prime?
False
Is 2477 composite?
False
Is 2545 a composite number?
True
Is 1032233 composite?
False
Is 865957 a prime number?
True
Is 79093 composite?
True
Is 18553 prime?
True
Is 15557 a composite number?
True
Is 8882 a prime number?
False
Is 30341 a prime number?
True
Is 51979 prime?
False
Is 13229 composite?
False
Is 35071 prime?
False
Is 26291 prime?
False
Is 5773 a prime number?
False
Is 160459 composite?
True
Is 227813 composite?
True
Is 21529 a prime number?
True
Is 1210501 composite?
True
Is 1361 composite?
False
Is 214581 a composite number?
True
Is 6737 a composite number?
False
Is 40343 prime?
True
Is 201781 prime?
True
Is 261281 prime?
True
Is 449543 prime?
True
Is 26995 composite?
True
Is 10559 a composite number?
False
Is 18077 composite?
False
Is 31883 prime?
True
Is 52379 composite?
False
Is 55829 a prime number?
True
Is 8261 a composite number?
True
Is 49431 a prime number?
False
Is 74267 a composite number?
True
Is 99431 prime?
True
Is 1192603 prime?
True
Is 16319 a prime number?
True
Is 54911 prime?
False
Is 1458659 a composite number?
False
Is 23099 composite?
False
Is 12659 composite?
False
Is 2405365 a composite number?
True
Is 1249 prime?
True
Is 20249 composite?
False
Is 9977 composite?
True
Is 33959 composite?
True
Is 18661 prime?
True
Is 20593 prime?
True
Is 3719 a prime number?
True
Is 61111 prime?
False
Is 17693 prime?
False
Is 4918171 a prime number?
True
Is 16249 prime?
True
Is 135719 a prime number?
True
Is 44566 a composite number?
True
Is 3587 a composite number?
True
Is 13033 prime?
True
Is 5603 composite?
True
Is 3353 a composite number?
True
Is 18427 a prime number?
True
Is 14107 composite?
False
Is 115718 a prime number?
False
Is 21467 a prime number?
True
Is 358243 a composite number?
False
Is 45509 a composite number?
True
Is 701 prime?
True
Is 55439 a prime number?
True
Is 82387 prime?
True
Is 1733 a composite number?
False
Is 190471 prime?
True
Is 58021 a prime number?
False
Is 131 a prime number?
True
Is 14851 a prime number?
True
Is 17179 prime?
False
Is 12889 a prime number?
True
Is 15013 prime?
True
Is 39019 a composite number?
False
Is 184559 a composite number?
False
Is 370561 composite?
False
Is 402247 a composite number?
True
Is 829199 a prime number?
False
Is 50669 a composite number?
True
Is 244109 composite?
False
Is 113717 composite?
False
Is 225671 prime?
True
Is 46193 prime?
False
Is 18839 composite?
False
Is 7727 a composite number?
False
Is 1523 composite?
False
Is 91867 a prime number?
True
Is 4481 a prime number?
True
Is 3106577 composite?
False
Is 436019 a prime number?
False
Is 10831 composite?
False
Is 12151 a prime number?
False
Is 116027 prime?
True
Is 193969 a composite number?
True
Is 73217 composite?
True
Is 663031 prime?
True
Is 1936949 composite?
True
Is 2761 composite?
True
Is 43093 prime?
True
Is 1518753 a prime number?
False
Is 53481 prime?
False
Is 95474 composite?
True
Is 84359 prime?
False
Is 18163 composite?
True
Is 203063 a prime number?
False
Is 83089 prime?
True
Is 492227 a composite number?
False
Is 46171 a prime number?
True
Is 40387 prime?
True
Is 10109 prime?
False
Is 404633 prime?
False
Is 43205 a composite number?
True
Is 19911 a prime number?
False
Is 4561 composite?
False
Is 30293 a prime number?
True
Is 89143 composite?
True
Is 311381 a prime number?
False
Is 276559 prime?
False
Is 1409 a composite number?
False
Is 11863 a composite number?
False
Is 61345 a prime number?
False
Is 222331 composite?
True
Is 191 a prime number?
True
Is 23179 composite?
True
Is 266573 a prime number?
False
Is 631406 composite?
True
Is 747998 compos